{"id":477,"date":"2023-04-12T19:34:22","date_gmt":"2023-04-12T19:34:22","guid":{"rendered":"https:\/\/centauroagrovet.com.br\/centauroagrovet\/?post_type=product&#038;p=477"},"modified":"2023-05-23T19:12:10","modified_gmt":"2023-05-23T19:12:10","slug":"bota-masculina-goyazes-modelo-217405-ck","status":"publish","type":"product","link":"https:\/\/centauroagrovet.com.br\/centauroagrovet\/product\/bota-masculina-goyazes-modelo-217405-ck\/","title":{"rendered":"Bota Masculina Goyazes Modelo 217405-ck"},"content":{"rendered":"<h1 style=\"text-align: center;\"><em><strong>Bota Goyazes Masculina 217405 CK<\/strong><\/em><\/h1>\n<p>P\u00e9 fabricado em couro bovino na cor Tabaco, com flor\u00e3o bordado no peito do p\u00e9, bico quadrado.<\/p>\n<p>Cano na cor Off White, com bordados na cor Marrom. Possui puxador de couro nas laterais e el\u00e1stico na parte de tr\u00e1s do cano para facilitar o cal\u00e7ar. Cano forrado em couro e tecido com costuras de prote\u00e7\u00e3o personalizada com logo Goyazes.<\/p>\n<p>Solado WORK com uma costura nas laterais e uma no solado, projetada para reagir \u00e0 for\u00e7a e ao movimento, fornecendo conforto, estabilidade e um desempenho indescrit\u00edvel.<br \/>\nO solado \u00e9 composto por Biocomponentes, onde a parte em contato com o solo \u00e9 feita de TPU, criando assim uma maior resist\u00eancia a \u00f3leo e graxa.<br \/>\nA parte superior do solado \u00e9 feita com PU, o que traz maior leveza e conforto. \u00c9 o cal\u00e7ado ideal para quem preza por conforto na hora de trabalhar.<\/p>\n<p>Palmilha remov\u00edvel.<\/p>\n<div class=\"input-append input-prepend\"><a href=\"https:\/\/www.sinonimos.com.br\/conforto\/#:~:text=Comodidade%3A,%2C%20consolo%2C%20lenitivo%2C%20rem%C3%A9dio.\">conforto: <\/a><\/div>\n<div class=\"input-append input-prepend\"><a href=\"https:\/\/centauroagrovet.com.br\/\">estilo de vida<\/a><\/div>\n<div>\n<h6><\/h6>\n<h6>A Centauro Agrovet \u00e9 uma loja especializada em moda country, equipamentos, suplementos<br \/>\ne tralhas para cavalos.<br \/>\nVendas pelo nosso site ou pelo WhatsApp 14 99113-3839.<br \/>\nOs produtos anunciados possuem pronta entrega.<br \/>\nEnviamos para todo o Brasil.<br \/>\nComprar na Centauro Agrovet \u00e9 escolher o que a de melhor no mundo country, com o melhor<br \/>\npre\u00e7o e a garantia de um produto de excel\u00eancia.<br \/>\nTodos os nossos produtos s\u00e3o revisados antes de serem embalados.<br \/>\nA nossa equipe agradece sua prefer\u00eancia e est\u00e1 sempre pronta para atend\u00ea-lo.<\/h6>\n<h6>Aten\u00e7\u00e3o: as fotos s\u00e3o reais das pe\u00e7as, as cores podem sofrer altera\u00e7\u00e3o devido a<br \/>\nluminosidade de cada tela.<\/h6>\n<\/div>\n","protected":false},"excerpt":{"rendered":"<p><strong>Bota Goyazes Work<\/strong><\/p>\n","protected":false},"featured_media":553,"comment_status":"open","ping_status":"closed","template":"","meta":[],"product_brand":[],"product_cat":[86,106,85],"product_tag":[76,88,89,119,79,81,90,91,92,93,94,95,84,96],"class_list":{"0":"post-477","1":"product","2":"type-product","3":"status-publish","4":"has-post-thumbnail","6":"product_cat-calcado","7":"product_cat-calcado-masculino","8":"product_cat-vestuario","9":"product_tag-agro","10":"product_tag-bordado","11":"product_tag-bota","12":"product_tag-branca","13":"product_tag-campo","14":"product_tag-centauro-agrovet","15":"product_tag-country","16":"product_tag-couro","17":"product_tag-estilo-country","18":"product_tag-goyazes","19":"product_tag-marrom","20":"product_tag-moda-country","21":"product_tag-sao-manuel","22":"product_tag-texana","24":"first","25":"instock","26":"shipping-taxable","27":"product-type-variable"},"_links":{"self":[{"href":"https:\/\/centauroagrovet.com.br\/centauroagrovet\/wp-json\/wp\/v2\/product\/477","targetHints":{"allow":["GET"]}}],"collection":[{"href":"https:\/\/centauroagrovet.com.br\/centauroagrovet\/wp-json\/wp\/v2\/product"}],"about":[{"href":"https:\/\/centauroagrovet.com.br\/centauroagrovet\/wp-json\/wp\/v2\/types\/product"}],"replies":[{"embeddable":true,"href":"https:\/\/centauroagrovet.com.br\/centauroagrovet\/wp-json\/wp\/v2\/comments?post=477"}],"wp:featuredmedia":[{"embeddable":true,"href":"https:\/\/centauroagrovet.com.br\/centauroagrovet\/wp-json\/wp\/v2\/media\/553"}],"wp:attachment":[{"href":"https:\/\/centauroagrovet.com.br\/centauroagrovet\/wp-json\/wp\/v2\/media?parent=477"}],"wp:term":[{"taxonomy":"product_brand","embeddable":true,"href":"https:\/\/centauroagrovet.com.br\/centauroagrovet\/wp-json\/wp\/v2\/product_brand?post=477"},{"taxonomy":"product_cat","embeddable":true,"href":"https:\/\/centauroagrovet.com.br\/centauroagrovet\/wp-json\/wp\/v2\/product_cat?post=477"},{"taxonomy":"product_tag","embeddable":true,"href":"https:\/\/centauroagrovet.com.br\/centauroagrovet\/wp-json\/wp\/v2\/product_tag?post=477"}],"curies":[{"name":"wp","href":"https:\/\/api.w.org\/{rel}","templated":true}]}}